 c = -28 + 18. Let n(o) = o**2 + 5*o - 14. What is the units digit of n(c)?
6
Let u(k) = -k**3 + 17*k**2 + 18*k + 10. Let a be u(18). Suppose -14*h + a*h = -564. What is the hundreds digit of h?
1
Let c(k) = k**3 - k**2 + k - 31. Let y be c(0). Let n = -11 - y. What is the units digit of n?
0
Let a(r) = -r**3 + 4*r**2 + 5*r - 10. Let u = -25 - -29. Let c be a(u). Suppose -c*f - 29 = -11*f. What is the tens digit of f?
2
What is the tens digit of ((-4791)/(-6))/(26/52)?
9
Suppose -a + 4*a + 3*o - 69 = 0, -5 = o. Let m = a + 54. What is the units digit of m?
2
Suppose 32*f + 6 = 30*f, 2*f - 583 = -w. What is the hundreds digit of w?
5
Let v(q) = -35*q - 2. Let p be v(-8). Let w = p + -117. What is the hundreds digit of w?
1
Suppose -30*j = -29*j - 6. Let s(h) = h**3 - 2*h**2 + h + 1. Let l be s(2). Let i = l + j. What is the units digit of i?
9
Let s = -1221 + 3327. What is the tens digit of s?
0
Suppose 5*p - 4 = 6. Suppose p*q = 4*z - 30, -4*q - 24 = -2*q + 2*z. Let k = 33 + q. What is the units digit of k?
0
Suppose -5*w + 244 = -n, -2*w + 112 = 2*n - 6*n. Let u = w + 4. What is the tens digit of u?
5
Let t(v) = 617*v - 9. What is the thousands digit of t(3)?
1
Suppose 0*t + t = -44. Let o be (-5)/(3 - t/(-8)). Suppose -o*p + 3*d + 54 = 2*d, -3*d + 124 = 5*p. What is the units digit of p?
6
Suppose 5*v - 3*v = 0. What is the units digit of (2 - (2 + -1))*(v + 64)?
4
Let v = -10 + 16. Let c be (-72)/(-27) - 4/v. Suppose -3*n + 57 = -0*z + c*z, -3*z + 5*n + 57 = 0. What is the tens digit of z?
2
Let d(l) = -3*l**3 - 16*l**2 + 8*l + 26. What is the units digit of d(-8)?
4
Let a(y) = y**2 + 11*y - 26. Let o be a(-13). Suppose b - 46 = -3*s + 4, o = -2*b - 3*s + 88. What is the tens digit of b?
3
Suppose 4*j + 4*k - 332 = 0, 5*k + 184 = 2*j + k. Let r = -28 + j. What is the units digit of r?
8
Let x = -6018 + 9268. What is the tens digit of x?
5
Let q(s) = -s**2 - 6*s - 3. Let h be q(-5). Suppose v + 285 = 5*k, -h*v = 4*k - 117 - 111. Suppose -5*l - k = -152. What is the units digit of l?
9
Let y = -2424 - -3704. What is the units digit of y?
0
Suppose -r - 2 = -6. Suppose -a - r*a = -20. Let z = 23 - a. What is the tens digit of z?
1
Let h = -714 - -999. What is the units digit of h?
5
Suppose -x + 42*c + 4376 = 40*c, 0 = -5*x + 5*c + 21855. What is the units digit of x?
6
Suppose -8*w + 22 - 78 = 0. Suppose -18 - 27 = -5*n. What is the tens digit of ((-399)/n)/w*9?
5
What is the tens digit of 5 - ((-962 - -5) + 8)?
5
Let z = -216 - -325. Suppose 0 = -107*k + z*k - 244. What is the hundreds digit of k?
1
Let b = -135 - -215. Let u = b - -52. What is the units digit of u?
2
Let q(f) = -5*f**3 - f**2 - 5*f - 6. Let i(j) = -j**3 - 3*j**2 + 2*j + 3. Let u be i(-3). What is the tens digit of q(u)?
3
Let u(z) = -z**2 + z + 101. Let i be u(-8). Let s be 4*((-5)/(-2) - 2). Suppose 3*w = -1 - s, f - i = -w. What is the units digit of f?
0
What is the hundreds digit of ((-3895)/(-190))/((3/58)/3)?
1
Suppose p - 4*p = -252. What is the units digit of p/(-9)*(-105)/20?
9
Let a be 13/(65/18)*5. Suppose a*u = 15*u + 156. What is the units digit of u?
2
Let y(q) = -q**3 + 3*q**2 - 2. Suppose -5*x + 13 + 7 = 0. Suppose -7*d = -x*d - 3*i + 6, 5*i - 18 = d. What is the units digit of y(d)?
2
Let q(x) = x**3 + 8*x**2 + 3*x + 6. Let t be q(-8). What is the units digit of (t/(-7))/(9/42)?
2
Let z(j) = -54*j + 28. What is the thousands digit of z(-18)?
1
Let d(q) = 22*q + 14. What is the hundreds digit of d(19)?
4
Suppose -5*h - 3*g = -g - 185, -4*h + 5*g = -181. Suppose -3*c = -2*c - h. Suppose l - 6*u = -u + c, -4*u + 41 = 3*l. What is the tens digit of l?
1
Let r = -2904 + 4137. What is the units digit of r?
3
Suppose 3*s = 197 + 241. What is the tens digit of s?
4
Suppose 17*t + 113 = 45. Suppose 3*g + 2*g = 35. Let a = g + t. What is the units digit of a?
3
Suppose 5*j - 3*d = -41, 18 = -3*j + 4*d - 11. Let b(k) = -k**3 - 8*k**2 - 6*k + 9. Let h be b(j). Suppose 7*l - h*l = 75. What is the tens digit of l?
1
Let o = -2788 - -4338. What is the hundreds digit of o?
5
Let f(o) = 90*o - 628. What is the tens digit of f(22)?
5
Let m = -16 - -19. Let y = m + 0. Suppose -y*i + 0*i = -114. What is the units digit of i?
8
What is the units digit of (-2617)/(-7) - -5*(-5)/(-175)?
4
Let z be (-88)/(-12) + (-3)/9. Let a be 1 - 1/(2/(-2)). Suppose -2*h + n = h - z, 14 = h + a*n. What is the units digit of h?
4
Let w(t) = t**3 + 9*t**2 + 8*t + 9. Suppose -49 = 6*r + r. What is the units digit of w(r)?
1
Suppose 5*a - 5*j = -0*a + 2125, 5*j + 841 = 2*a. What is the tens digit of a?
2
Let a(f) be the first derivative of -1/3*f**3 + 8*f**2 - 11*f - 7. What is the tens digit of a(10)?
4
Suppose -2*w + 0*w = -l + 11, -w = -4*l + 9. Let x = l + -5. What is the tens digit of ((-168)/(-30))/(x/(-10))?
1
Suppose 4*r + 4*v = -84, 4*r + 94 = -3*v + v. Let i = r + 157. What is the units digit of i?
1
Let i = 14 - 9. Suppose -3*k + h = -17, 0 = i*k + 5*h - 33 - 22. What is the tens digit of 36/k*70/15?
2
Let p(w) = w**2 + 21*w + 89. What is the units digit of p(-5)?
9
Suppose 9*u - 10 = 4*u. Suppose -u*p + 0*p = -8. Suppose p*m - 63 = 21. What is the units digit of m?
1
Let d = 64 - 70. Let j(f) = 5*f**2 + 7*f - 14. What is the tens digit of j(d)?
2
Let r = -57 + 72. Suppose -r*p + 11*p = -236. What is the tens digit of p?
5
Suppose 3*u - 4*u + 7 = 0. Let i(b) = 14*b + 37. What is the hundreds digit of i(u)?
1
Let t = 58 + -48. Suppose t*g - 5285 = -2015. What is the units digit of g?
7
Let b(q) be the third derivative of -q**6/120 + q**5/20 + 11*q**4/24 + 7*q**3/6 - 10*q**2. What is the tens digit of b(5)?
1
Let h(x) = -4*x. Let l be h(0). Suppose 0 = -7*q - l*q + 224. What is the units digit of q?
2
Let l(q) = -q**2 - 11*q - 6. Let a be l(-8). Suppose -2*d - a = -5*o, 0 = -4*o - 4*d + 20. Suppose o*r = -r + 60. What is the tens digit of r?
1
Let x be 3 + -4 + 3 - -2. Suppose x*i + 3*q - 10 = 174, 138 = 3*i + 4*q. What is the tens digit of i?
4
Let o(b) = 1241*b + 401. What is the units digit of o(3)?
4
Suppose 367 = 5*d + 4*f + 39, -2*d - f = -130. Suppose 0 = -2*h + 4*b + 6, -4*h = 4*b + b - d. What is the tens digit of h?
1
Let n(g) = 2*g + 3. Let v be n(6). Suppose -h - v = -19. Suppose -f + h*f = 84. What is the tens digit of f?
2
Let n be 58/12 - (-5)/30. Let f(k) = k**2 - 3*k - 1. Let z be f(n). Let h = 16 - z. What is the units digit of h?
7
Let m(a) = 10 - 2*a - 8 + 3*a. Let x be m(-3). What is the tens digit of 3/(-3) + x + 25?
2
Let d(x) = 2*x**2 + 4*x + 732. What is the hundreds digit of d(0)?
7
Let i(b) = -b**2 + 3*b - 2. Let t be i(3). Let y = 4 + t. Suppose -z - 17 = -y*z. What is the units digit of z?
7
What is the units digit of (-110)/22 + (218 - 0)?
3
What is the tens digit of 116896/256 - 9/(-24)?
5
Let t(w) = 2*w**2 - 8*w - 11. Let a be t(12). Suppose a = -5*i + 6*i. What is the tens digit of i?
8
Let c = 3262 + -1634. What is the units digit of c?
8
Suppose -4*n - 3820 = -5*t, 3*n - 773 = -t + 2*n. What is the units digit of t?
8
Let s = 12 - 7. Suppose 0 = -s*b + 3*b. Suppose -26 = -v - b*v. What is the units digit of v?
6
Suppose 23 = 4*i - 3*h, 0 = -i - 4*i - h + 5. Suppose -5*c + 35 = -b, 0 = 4*b - 2*b + 10. Suppose -c*l + 216 = -i*l. What is the tens digit of l?
5
Suppose 0 = -4*z - 5*h + 12, 0 = z - 5*h + 3*h - 3. Suppose -5*k + z*i + 104 = 0, 0 = -3*k + 2*i - 0*i + 62. What is the tens digit of k?
2
Let t be 0 + -3 + 2 + -2. Let h be (0 + -1)/(t/21). Suppose n = -4 + h. What is the units digit of n?
3
Let x(m) = -m**2 - 11*m - 12. Let s be x(-10). Let d(l) = -48*l - 6. Let r be d(s). Suppose 0 = 3*f + 2*f - r. What is the units digit of f?
8
Suppose -5*l + 427 = 2*u, u - 2*u = 5*l - 201. Let m = -72 + u. What is the tens digit of m?
5
Let p = -4 + 25. Suppose 5*u - p = 9. Suppose 0 = -u*j + 4*j + 38. What is the tens digit of j?
1
Suppose v = 5 - 9. Let b(o) = o**3 + 9*o**2 - 3*o - 5. What is the units digit of b(v)?
7
Suppose 37*n - 6368 = 2697. What is the hundreds digit of n?
2
Suppose 95 = 4*w - 13. Let j = w + -15. What is the units digit of j?
2
Let s(q) = -q**2 - q - 1. Let j(l) = -4*l**2 - 12*l - 4. Let z(r) = j(r) - 3*s(r). Let v(w) = -w**3 + w - 8. Let i be v(0). What is the units digit of z(i)?
7
Let l(n) = -n**3 + n**2 - n + 64. Let d(g) = g**